{"id":4201,"date":"2025-07-30T15:37:02","date_gmt":"2025-07-30T20:37:02","guid":{"rendered":"https:\/\/comercioelectrico.com\/?post_type=product&#038;p=4201"},"modified":"2025-08-20T04:01:24","modified_gmt":"2025-08-20T09:01:24","slug":"pegamento-epoxico-acero-pegatanke","status":"publish","type":"product","link":"https:\/\/comercioelectrico.com\/index.php\/product\/pegamento-epoxico-acero-pegatanke\/","title":{"rendered":"PEGAMENTO EP\u00d3XICO ACERO (PEGATANKE)"},"content":{"rendered":"","protected":false},"excerpt":{"rendered":"<p>Es un pegamento ep\u00f3xico profesional formulado para reparaciones extremas. Ideal para las industrias m\u00e1s extremas y exigentes, como la automotriz, naval, militar y aeroespacial. Debido a su resistencia comprobada a altas temperaturas (HASTA 700 \u00b0C), soporte a la tracci\u00f3n y resistencia a productos qu\u00edmicos y solventes, Ep\u00f3xico acero de PEGATANKE\u00ae es el mejor socio de mec\u00e1nicos, pintores de carrocer\u00eda, ingenieros, y otros profesionales.<\/p>\n<p>&nbsp;<\/p>\n<h3 id=\"brxe-d65eca\" class=\"brxe-heading\">ES IDEAL PARA REPARAR:<\/h3>\n<div class=\"brxe-953724 brxe-block\">\n<ul>\n<li class=\"brxe-124853 brxe-heading\">Bloques de veh\u00edculos<\/li>\n<\/ul>\n<\/div>\n<div class=\"brxe-953724 brxe-block\">\n<ul>\n<li class=\"brxe-124853 brxe-heading\">Convertidores catal\u00edticos<\/li>\n<\/ul>\n<\/div>\n<div class=\"brxe-953724 brxe-block\">\n<ul>\n<li class=\"brxe-124853 brxe-heading\">Defensa de veh\u00edculos<\/li>\n<\/ul>\n<\/div>\n<div class=\"brxe-953724 brxe-block\">\n<ul>\n<li class=\"brxe-124853 brxe-heading\">Casco de barcos<\/li>\n<\/ul>\n<\/div>\n<div class=\"brxe-953724 brxe-block\">\n<ul>\n<li class=\"brxe-124853 brxe-heading\">Veh\u00edculos militares<\/li>\n<\/ul>\n<\/div>\n<div class=\"brxe-953724 brxe-block\">\n<ul>\n<li class=\"brxe-124853 brxe-heading\">Tubos de escape de veh\u00edculos<\/li>\n<\/ul>\n<\/div>\n<div class=\"brxe-953724 brxe-block\">\n<ul>\n<li class=\"brxe-124853 brxe-heading\">Grietas superficiales y juntas<\/li>\n<\/ul>\n<\/div>\n","protected":false},"featured_media":4189,"comment_status":"open","ping_status":"closed","template":"","meta":[],"product_brand":[],"product_cat":[36,54,21],"product_tag":[],"class_list":{"0":"post-4201","1":"product","2":"type-product","3":"status-publish","4":"has-post-thumbnail","6":"product_cat-herramienta","7":"product_cat-otros","8":"product_cat-pegantes","9":"thunk-woo-product-list","10":"opn-qv-enable","11":"top-store-woo-hover-zoom","12":"top-store-single-product-tab-horizontal","13":"top-store-shadow-","14":"top-store-shadow-hover-","16":"first","17":"instock","18":"shipping-taxable","19":"product-type-simple"},"_links":{"self":[{"href":"https:\/\/comercioelectrico.com\/index.php\/wp-json\/wp\/v2\/product\/4201","targetHints":{"allow":["GET"]}}],"collection":[{"href":"https:\/\/comercioelectrico.com\/index.php\/wp-json\/wp\/v2\/product"}],"about":[{"href":"https:\/\/comercioelectrico.com\/index.php\/wp-json\/wp\/v2\/types\/product"}],"replies":[{"embeddable":true,"href":"https:\/\/comercioelectrico.com\/index.php\/wp-json\/wp\/v2\/comments?post=4201"}],"version-history":[{"count":2,"href":"https:\/\/comercioelectrico.com\/index.php\/wp-json\/wp\/v2\/product\/4201\/revisions"}],"predecessor-version":[{"id":4203,"href":"https:\/\/comercioelectrico.com\/index.php\/wp-json\/wp\/v2\/product\/4201\/revisions\/4203"}],"wp:featuredmedia":[{"embeddable":true,"href":"https:\/\/comercioelectrico.com\/index.php\/wp-json\/wp\/v2\/media\/4189"}],"wp:attachment":[{"href":"https:\/\/comercioelectrico.com\/index.php\/wp-json\/wp\/v2\/media?parent=4201"}],"wp:term":[{"taxonomy":"product_brand","embeddable":true,"href":"https:\/\/comercioelectrico.com\/index.php\/wp-json\/wp\/v2\/product_brand?post=4201"},{"taxonomy":"product_cat","embeddable":true,"href":"https:\/\/comercioelectrico.com\/index.php\/wp-json\/wp\/v2\/product_cat?post=4201"},{"taxonomy":"product_tag","embeddable":true,"href":"https:\/\/comercioelectrico.com\/index.php\/wp-json\/wp\/v2\/product_tag?post=4201"}],"curies":[{"name":"wp","href":"https:\/\/api.w.org\/{rel}","templated":true}]}}