{"id":3712,"date":"2023-07-08T11:48:18","date_gmt":"2023-07-08T16:48:18","guid":{"rendered":"https:\/\/comercioelectrico.com\/?post_type=product&#038;p=3712"},"modified":"2025-04-27T18:12:44","modified_gmt":"2025-04-27T23:12:44","slug":"ventilador-2-en-1-silence-force-plus-18-3-velocidades","status":"publish","type":"product","link":"https:\/\/comercioelectrico.com\/index.php\/product\/ventilador-2-en-1-silence-force-plus-18-3-velocidades\/","title":{"rendered":"VENTILADOR 2 EN 1 SILENCE (FORCE PLUS) 18&#8243; &#8211; 3 VELOCIDADES"},"content":{"rendered":"","protected":false},"excerpt":{"rendered":"<p>El Ventilador Silence Force Plus 2 en 1 Blanco, cuenta con mallas aerodin\u00e1micas con tecnolog\u00eda Power Zone, las cuales permiten obtener una mayor concentraci\u00f3n de aire que hace m\u00e1s poderosa la sensaci\u00f3n de frescura.<\/p>\n","protected":false},"featured_media":3697,"comment_status":"open","ping_status":"closed","template":"","meta":[],"product_brand":[],"product_cat":[38],"product_tag":[],"class_list":{"0":"post-3712","1":"product","2":"type-product","3":"status-publish","4":"has-post-thumbnail","6":"product_cat-ventiladores","7":"thunk-woo-product-list","8":"opn-qv-enable","9":"top-store-woo-hover-zoom","10":"top-store-single-product-tab-horizontal","11":"top-store-shadow-","12":"top-store-shadow-hover-","14":"first","15":"instock","16":"shipping-taxable","17":"product-type-simple"},"_links":{"self":[{"href":"https:\/\/comercioelectrico.com\/index.php\/wp-json\/wp\/v2\/product\/3712","targetHints":{"allow":["GET"]}}],"collection":[{"href":"https:\/\/comercioelectrico.com\/index.php\/wp-json\/wp\/v2\/product"}],"about":[{"href":"https:\/\/comercioelectrico.com\/index.php\/wp-json\/wp\/v2\/types\/product"}],"replies":[{"embeddable":true,"href":"https:\/\/comercioelectrico.com\/index.php\/wp-json\/wp\/v2\/comments?post=3712"}],"version-history":[{"count":1,"href":"https:\/\/comercioelectrico.com\/index.php\/wp-json\/wp\/v2\/product\/3712\/revisions"}],"predecessor-version":[{"id":3713,"href":"https:\/\/comercioelectrico.com\/index.php\/wp-json\/wp\/v2\/product\/3712\/revisions\/3713"}],"wp:featuredmedia":[{"embeddable":true,"href":"https:\/\/comercioelectrico.com\/index.php\/wp-json\/wp\/v2\/media\/3697"}],"wp:attachment":[{"href":"https:\/\/comercioelectrico.com\/index.php\/wp-json\/wp\/v2\/media?parent=3712"}],"wp:term":[{"taxonomy":"product_brand","embeddable":true,"href":"https:\/\/comercioelectrico.com\/index.php\/wp-json\/wp\/v2\/product_brand?post=3712"},{"taxonomy":"product_cat","embeddable":true,"href":"https:\/\/comercioelectrico.com\/index.php\/wp-json\/wp\/v2\/product_cat?post=3712"},{"taxonomy":"product_tag","embeddable":true,"href":"https:\/\/comercioelectrico.com\/index.php\/wp-json\/wp\/v2\/product_tag?post=3712"}],"curies":[{"name":"wp","href":"https:\/\/api.w.org\/{rel}","templated":true}]}}